{"id":784,"date":"2025-04-24T12:45:15","date_gmt":"2025-04-24T12:45:15","guid":{"rendered":"https:\/\/riri-et-gnapin.fr\/?post_type=product&#038;p=784"},"modified":"2025-11-16T20:50:11","modified_gmt":"2025-11-16T20:50:11","slug":"sarouel-evolutif-chaud","status":"publish","type":"product","link":"https:\/\/riri-et-gnapin.fr\/?product=sarouel-evolutif-chaud","title":{"rendered":"Sarouel \u00e9volutif chaud"},"content":{"rendered":"<p>Le sarouel \u00e9volutif est un pantalon confortable qui grandit avec votre enfant en utilisant ses bordures taille et chevilles, de 10 cm de long environ, que l\u2019on plie et d\u00e9plie \u00e0 l\u2019envie. Cousu dans un tissu extensible et labellis\u00e9 Oeko Tex 100 (afin de convenir aux peaux sensibles), gr\u00e2ce \u00e0 sa forme sarouel, il est juste ample comme il faut pour assurer la mobilit\u00e9 maximale \u00e0 l\u2019enfant. Dans les petites tailles, il est tout \u00e0 fait compatible avec des couches lavables, m\u00eame volumineuses. Pour les tailles plus grandes, il ravira les enfants les plus dynamiques qui veulent bouger sans restriction\u00a0!<\/p>\n<ul>\n<li>Composition\u00a0: 54% coton 40% polyester 6% \u00e9lasthane<\/li>\n<li>Lavage 30\u00b0C.<\/li>\n<\/ul>\n","protected":false},"excerpt":{"rendered":"<p>Le sarouel \u00e9volutif est un pantalon confortable qui grandit avec votre enfant en utilisant ses bordures taille et chevilles, de 10 cm de long environ, que l\u2019on plie et d\u00e9plie \u00e0 l\u2019envie. Cousu dans un&hellip;<\/p>\n","protected":false},"featured_media":0,"comment_status":"open","ping_status":"closed","template":"","meta":{"_themeisle_gutenberg_block_has_review":false},"product_brand":[],"product_cat":[50,75,48],"product_tag":[],"class_list":{"0":"post-784","1":"product","2":"type-product","3":"status-publish","5":"product_cat-sarouels-evolutifs-vetements-bebe-et-enfant","6":"product_cat-vetements","7":"product_cat-vetements-bebe-et-enfant","9":"first","10":"instock","11":"shipping-taxable","12":"purchasable","13":"product-type-variable"},"jetpack_sharing_enabled":true,"_links":{"self":[{"href":"https:\/\/riri-et-gnapin.fr\/index.php?rest_route=\/wp\/v2\/product\/784","targetHints":{"allow":["GET"]}}],"collection":[{"href":"https:\/\/riri-et-gnapin.fr\/index.php?rest_route=\/wp\/v2\/product"}],"about":[{"href":"https:\/\/riri-et-gnapin.fr\/index.php?rest_route=\/wp\/v2\/types\/product"}],"replies":[{"embeddable":true,"href":"https:\/\/riri-et-gnapin.fr\/index.php?rest_route=%2Fwp%2Fv2%2Fcomments&post=784"}],"wp:attachment":[{"href":"https:\/\/riri-et-gnapin.fr\/index.php?rest_route=%2Fwp%2Fv2%2Fmedia&parent=784"}],"wp:term":[{"taxonomy":"product_brand","embeddable":true,"href":"https:\/\/riri-et-gnapin.fr\/index.php?rest_route=%2Fwp%2Fv2%2Fproduct_brand&post=784"},{"taxonomy":"product_cat","embeddable":true,"href":"https:\/\/riri-et-gnapin.fr\/index.php?rest_route=%2Fwp%2Fv2%2Fproduct_cat&post=784"},{"taxonomy":"product_tag","embeddable":true,"href":"https:\/\/riri-et-gnapin.fr\/index.php?rest_route=%2Fwp%2Fv2%2Fproduct_tag&post=784"}],"curies":[{"name":"wp","href":"https:\/\/api.w.org\/{rel}","templated":true}]}}